6?
False
Is 400 a multiple of 10?
True
Is 3552 a multiple of 6?
True
Is 9728 a multiple of 152?
True
Does 131 divide 28689?
True
Does 320 divide 15077?
False
Is 8135 a multiple of 6?
False
Is 210 a multiple of 35?
True
Does 4 divide 5276?
True
Is 3 a factor of 1745?
False
Is 71830 a multiple of 22?
True
Does 7 divide 651?
True
Is 11968 a multiple of 11?
True
Is 587 a multiple of 20?
False
Does 4 divide 118?
False
Does 35 divide 2167?
False
Is 728 a multiple of 15?
False
Is 53 a factor of 4823?
True
Is 6 a factor of 2652?
True
Is 22 a factor of 2017?
False
Is 1302 a multiple of 21?
True
Is 23842 a multiple of 24?
False
Is 75 a factor of 415?
False
Does 95 divide 2892?
False
Is 395 a multiple of 5?
True
Does 66 divide 8382?
True
Is 184 a multiple of 44?
False
Is 54 a factor of 54182?
False
Does 23 divide 2401?
False
Does 12 divide 2124?
True
Is 13 a factor of 2509?
True
Does 69 divide 1451?
False
Is 1794 a multiple of 6?
True
Is 189 a multiple of 21?
True
Is 250 a multiple of 12?
False
Is 19632 a multiple of 57?
False
Does 7 divide 2360?
False
Does 17 divide 1209?
False
Is 1122 a multiple of 50?
False
Is 13 a factor of 3298?
False
Is 15 a factor of 9360?
True
Is 11 a factor of 80?
False
Is 12 a factor of 367?
False
Does 23 divide 3573?
False
Is 4 a factor of 500?
True
Is 15 a factor of 33180?
True
Is 318 a multiple of 53?
True
Is 1000 a multiple of 20?
True
Does 29 divide 29?
True
Is 1078 a multiple of 11?
True
Does 17 divide 25444?
False
Is 41 a factor of 1886?
True
Does 29 divide 462?
False
Is 8 a factor of 1701?
False
Does 15 divide 6719?
False
Is 1312 a multiple of 2?
True
Does 7 divide 15967?
True
Is 9 a factor of 2568?
False
Is 9024 a multiple of 94?
True
Does 173 divide 18511?
True
Is 1012 a multiple of 9?
False
Is 21489 a multiple of 19?
True
Does 98 divide 2156?
True
Is 76 a factor of 26068?
True
Is 2352 a multiple of 7?
True
Does 22 divide 88748?
True
Does 279 divide 73391?
False
Does 21 divide 173594?
False
Does 270 divide 150483?
False
Is 148180 a multiple of 310?
True
Is 94 a factor of 29140?
True
Is 5 a factor of 33?
False
Is 51 a factor of 153?
True
Is 56 a multiple of 14?
True
Does 63 divide 189?
True
Is 20 a factor of 400?
True
Is 54 a factor of 90396?
True
Is 1364 a multiple of 30?
False
Does 36 divide 5940?
True
Is 11442 a multiple of 78?
False
Does 44 divide 4092?
True
Is 25 a factor of 19025?
True
Is 130 a factor of 3093?
False
Does 39 divide 36243?
False
Is 4758 a multiple of 11?
False
Does 39 divide 702?
True
Is 14801 a multiple of 8?
False
Is 17778 a multiple of 11?
False
Is 18 a factor of 3474?
True
Is 6798 a multiple of 31?
False
Is 13636 a multiple of 17?
False
Does 6 divide 191?
False
Does 15 divide 925?
False
Is 1155 a multiple of 42?
False
Is 2268 a multiple of 18?
True
Is 4902 a multiple of 19?
True
Does 19 divide 152?
True
Is 544 a multiple of 16?
True
Does 2 divide 81?
False
Is 9 a factor of 602?
False
Does 3 divide 1408?
False
Does 20 divide 40?
True
Is 123 a factor of 2555?
False
Is 1927 a multiple of 41?
True
Is 20 a factor of 11556?
False
Does 19 divide 45646?
False
Is 5377 a multiple of 10?
False
Is 80 a factor of 5298?
False
Does 12 divide 1706?
False
Is 7 a factor of 16758?
True
Is 23 a factor of 1209?
False
Is 34 a factor of 884?
True
Is 160 a multiple of 32?
True
Is 27 a factor of 837?
True
Is 46326 a multiple of 14?
True
Is 68200 a multiple of 310?
True
Is 13 a factor of 4124?
False
Is 2750 a multiple of 55?
True
Does 36 divide 3780?
True
Is 15 a factor of 2041?
False
Is 15886 a multiple of 94?
True
Is 3431 a multiple of 73?
True
Does 81 divide 2430?
True
Does 20 divide 770?
False
Is 34 a factor of 8657?
False
Is 17 a factor of 1598?
True
Does 44 divide 618?
False
Is 30826 a multiple of 12?
False
Is 3563 even?
False
Is 22 a factor of 286?
True
Is 549 a multiple of 54?
False
Does 5 divide 7032?
False
Is 15 a factor of 324?
False
Does 119 divide 17762?
False
Is 168 a multiple of 3?
True
Is 12 a factor of 52488?
True
Does 9 divide 472?
False
Is 28 a factor of 13398?
False
Is 15 a factor of 27?
False
Does 85 divide 2322?
False
Is 336 a multiple of 12?
True
Does 2 divide 1295?
False
Does 48 divide 439?
False
Does 4 divide 26563?
False
Is 88 a factor of 1592?
False
Is 173 a multiple of 18?
False
Is 490 a multiple of 14?
True
Is 2 a factor of 2638?
True
Is 2 a factor of 30?
True
Is 776 a multiple of 11?
False
Does 25 divide 527?
False
Does 58 divide 7888?
True
Is 11 a factor of 74141?
False
Is 60 a factor of 34080?
True
Is 26385 a multiple of 15?
True
Does 8 divide 1315?
False
Does 28 divide 476?
True
Is 67 a factor of 670?
True
Is 1686 a multiple of 10?
False
Is 20 a factor of 480?
True
Is 42 a factor of 6426?
True
Does 5 divide 7330?
True
Is 1524 a multiple of 14?
False
Is 432 even?
True
Is 5 a factor of 101?
False
Does 3 divide 204?
True
Does 6 divide 426?
True
Is 1198 a multiple of 17?
False
Does 68 divide 340?
True
Is 92 a multiple of 11?
False
Does 2 divide 172?
True
Is 3282 a multiple of 10?
False
Is 2047 a multiple of 24?
False
Is 122 a factor of 2562?
True
Does 10 divide 1972?
False
Is 781 a multiple of 25?
False
Is 17 a factor of 107508?
True
Is 33671 a multiple of 11?
True
Is 480 a multiple of 24?
True
Is 16 a factor of 1488?
True
Does 7 divide 49973?
True
Is 16817 a multiple of 7?
False
Is 37 a factor of 476?
False
Does 15 divide 108450?
True
Does 170 divide 31106?
False
Does 20 divide 1760?
True
Is 32 a factor of 5598?
False
Does 56 divide 23632?
True
Does 6 divide 1859?
False
Does 25 divide 9599?
False
Is 32 a factor of 3170?
False
Is 16 a factor of 269?
False
Does 89 divide 1360?
False
Is 17 a factor of 629?
True
Is 5 a factor of 6092?
False
Is 26 a factor of 5984?
False
Is 133 a factor of 16503?
False
Does 15 divide 810?
True
Is 93997 a multiple of 12?
False
Is 26 a factor of 11939?
False
Is 2 a factor of 49?
False
Does 10 divide 23900?
True
Does 38 divide 91622?
False
Is 166 a factor of 22078?
True
Is 2117 a multiple of 29?
True
Does 3 divide 210?
True
Is 906 a multiple of 10?
False
Is 339 a multiple of 19?
False
Is 6 a factor of 12?
True
Is 14 a factor of 1716?
False
Is 25 a factor of 2550?
True
Is 1652 a multiple of 2?
True
Is 1319 a multiple of 17?
False
Is 15 a factor of 25239?
False
Is 53 a factor of 2681?
False
Does 13 divide 74178?
True
Is 71 a factor of 2669?
False
Is 41 a factor of 287?
True
Does 22 divide 1151?
False
Is 43 a factor of 23478?
True
Is 11988 a multiple of 81?
True
Is 26 a factor of 208?
True
Is 8633 a multiple of 11?
False
Is 24 a factor of 312?
True
Is 12 a factor of 64?
False
Is 1981 a multiple of 7?
True
Does 249 divide 111801?
True
Is 3103 a multiple of 29?
True
Is 39 a factor of 2680?
False
Is 7 a factor of 1981?
True
Is 37 a multiple of 4?
False
Does 9 divide 729?
True
Is 3185 a multiple of 5?
True
Is 11 a factor of 77616?
True
Is 58 a factor of 232?
True
Is 167 a multiple of 86?
False
Is 19488 a multiple of 32?
True
Is 82 a factor of 518?
False
Is 246 a multiple of 41?
True
Is 4 a factor of 1066?
False
Does 31 divide 5582?
False
Is 265 a multiple of 20?
False
Does 21 divide 5481?
True
Is 29590 a multiple of 10?
True
Does 48 divide 96?
True
Is 22 a factor of 550?
True
Is 708 a multiple of 14?
False
Does 10 divide 33060?
True
Is 2286 a multiple of 18?
True
Does 4 divide 32?
True
Is 110 a factor of 3447?
False
Is 6 a factor of 417?
False
Is 12144 a multiple of 48?
True
Does 101 divide 12740?
False
Is 99 a factor of 10313?
False
Does 26 divide 266?
False
Does 39 divide 39?
True
Does 17 divide 1124?
False
Is 16 a factor of 733?
False
Is 33 a factor of 198?
True
Is 20060 a multiple of 170?
True
Is 21073 a multiple of 81?
False
Is 11 a factor of 1342?
True
Is 616 a multiple of 11?
True
Does 10 divide 1449?
False
Is 40 a factor of 3920?
True
Is 1274 a multiple of 21?
False
Is 9 a factor of 2858?
False
Does 11 divide 42518?
False
Does 16 divide 12080?
True
Is 187 a factor of 10802?
False
Does 2 divide 783?
False
Is 7 a factor of 422?
False
Is 551 a multiple of 19?
True
Is 369 a multiple of 3?
True
Is 39 a factor of 39?
True
Is 631 a multiple of 90?
False
Is 325 a multiple of 5?
True
Is 73 a factor of 23652?
True
Is 1848 a multiple of 77?
True
Is 867 a multiple of 25?
False
Does 13 divide 776?
False
Is 1386 a multiple of 63?
True
Does 25 divide 352?
False
Is 32 a fact